is -671446 (base 14) in base 13?
-956aa2
Convert -2c6890 (base 13) to base 11.
-691472
Convert 44341124 (base 6) to base 11.
832131
Convert 1000000001001101101011110 (base 2) to base 6.
1400240234
Convert -12322433 (base 5) to base 9.
-203102
What is 59463 (base 12) in base 3?
20002110010
What is -20230a (base 11) in base 7?
-2522631
What is -4076751 (base 9) in base 8?
-10233246
What is 1124410121 (base 5) in base 6?
131112205
Convert 130332112330 (base 4) to base 11.
4318637
5497844 (base 10) to base 13
11a6581
What is -4d7d79 (base 16) in base 10?
-5078393
20b34 (base 12) to base 16
a858
What is 1033422 (base 5) in base 13?
8258
Convert 110220020210 (base 3) to base 9.
426223
18359 (base 14) to base 16
ee6b
What is 12311330133 (base 4) in base 7?
21150543
What is -485a (base 13) in base 5?
-311330
What is bd64b (base 14) in base 3?
212100022012
-83432a (base 12) to base 7
-23340352
Convert -999a6 (base 12) to base 9.
-340250
What is -4444300 (base 5) in base 13?
-296ca
309798 (base 12) to base 9
1382778
Convert 22abc (base 14) to base 3.
11021211122
218981 (base 12) to base 13
158b66
What is 151543523 (base 7) in base 12?
346a09b
124430 (base 5) to base 8
11576
-2514a3 (base 11) to base 9
-664812
41000 (base 6) to base 14
1d7a
-2772936 (base 10) to base 3
-12012212202100
What is 2047b4 (base 12) in base 9?
850641
Convert 6465a5 (base 12) to base 5.
401242044
What is a7478 (base 11) in base 16?
26288
b9989 (base 12) to base 4
323310321
What is -111001010101001010 (base 2) in base 11?
-150479
Convert a89a (base 14) to base 10.
29144
What is 1144168 (base 12) in base 2?
1100101011101111100000
Convert 21110100001 (base 3) to base 4.
203311111
Convert -121220022 (base 4) to base 13.
-38a18
Convert 584476 (base 12) to base 14.
28c8b0
-173b5 (base 15) to base 7
-431636
What is b88432 (base 14) in base 16?
5f4f1c
What is -21021202121001 (base 3) in base 2?
-1110110001100001110001
47c31 (base 14) to base 3
22220102101
What is -102101232322 (base 4) in base 5?
-2211304401
What is -524131 (base 8) in base 9?
-284821
Convert 32144141 (base 5) to base 2.
1000010010110110100
What is -3215031 (base 6) in base 4?
-212203123
What is 107865 (base 13) in base 12?
168723
Convert -25041500 (base 6) to base 3.
-1111120122200
What is 41270a (base 15) in base 12?
1053b24
Convert 1001110101010001100 (base 2) to base 13.
b3859
-226165 (base 9) to base 6
-2524222
What is -4b466a (base 12) in base 2?
-100101100100110110010
What is 142011403 (base 5) in base 14?
151d24
Convert 14554124 (base 6) to base 8.
1751504
What is -230241044 (base 5) in base 14?
-1c9524
-465834 (base 9) to base 12
-115b7a
Convert 7955 (base 12) to base 16.
3491
Convert 1782181 (base 10) to base 14.
3456a9
Convert 111411314 (base 6) to base 14.
3b10aa
Convert -326b72 (base 16) to base 2.
-1100100110101101110010
-345136 (base 11) to base 14
-103c8c
-12310133 (base 4) to base 16
-6d1f
10101011001101000001010 (base 2) to base 3
101120000110120
What is -4121413 (base 6) in base 8?
-601361
What is -1344024344 (base 5) in base 4?
-31112330121
Convert -10010010111101011011101 (base 2) to base 3.
-100001122201212
Convert 1100101001110001001000 (base 2) to base 15.
457b58
What is -3c7c26 (base 13) in base 2?
-101100111111000000010
Convert 3b14a (base 13) to base 4.
122320001
What is -1077825 (base 10) in base 7?
-12106230
Convert 3450790 (base 10) to base 11.
1a476a2
What is -2049429 (base 10) in base 16?
-1f4595
What is 322121 (base 7) in base 3?
2211210002
-100101001100110011 (base 2) to base 12
-74217
What is 1275139 (base 10) in base 8?
4672403
Convert 710942 (base 14) to base 4.
32200331032
What is -151500522 (base 6) in base 12?
-1087742
3342445 (base 8) to base 16
dc525
What is 21355005 (base 6) in base 12?
268a65
-13932 (base 16) to base 7
-452520
What is 102103401 (base 5) in base 4?
1213320010
Convert 2466425 (base 7) to base 4.
1031323211
2f327 (base 16) to base 3
100211011222
What is -30302203 (base 4) in base 11?
-363a5
-1000110000000010000111 (base 2) to base 3
-11022112122002
-3828615 (base 9) to base 15
-2b31ce
Convert 11022212110 (base 3) to base 11.
59012
Convert -171055 (base 9) to base 16.
-19d1b
-31742a (base 12) to base 5
-144424223
Convert 1020021120120 (base 3) to base 13.
19c215
615010 (base 8) to base 2
110001101000001000
What is 13122133033 (base 4) in base 11?
1108201
Convert -303031234 (base 5) to base 8.
-4520323
What is 1424320443 (base 5) in base 3?
21001021100021
Convert 41046751 (base 8) to base 14.
1219c37
-8692a2 (base 12) to base 9
-4007205
-23231302200 (base 4) to base 7
-35050515
What is -d349a5 (base 15) in base 11?
-5737855
Convert -49029 (base 10) to base 6.
-1014553
What is 2101002201 (base 4) in base 9?
1104830
-2a7171 (base 12) to base 10
-717349
What is 21204 (base 9) in base 6?
144521
What is 1c4b6 (base 13) in base 2?
1101100111000110
What is -8a580 (base 11) in base 16?
-2003b
Convert 1a64253 (base 11) to base 6.
202254245
-1fe05 (base 16) to base 5
-13134230
Convert 1375d (base 16) to base 15.
1893e
What is 265037 (base 10) in base 13?
93836
Convert -545521 (base 8) to base 13.
-65473
Convert 587534 (base 9) to base 2.
1010110001111111000
Convert 5a0a (base 15) to base 10.
19135
-27015 (base 14) to base 3
-11212202202
Convert -22542051 (base 6) to base 16.
-aa56f
-14520030 (base 6) to base 3
-221210220200
-162284a (base 11) to base 3
-12012202212110
What is 1003130202 (base 4) in base 14?
7296a
Convert 294941 (base 11) to base 3.
212101110020
Convert 1699079 (base 10) to base 12.
69b31b
What is -1022113310 (base 4) in base 13?
-a886c
Convert -652127 (base 8) to base 6.
-4402103
What is 22102332 (base 4) in base 11?
29760
Convert 62046 (base 11) to base 7.
525006
What is 122311421 (base 5) in base 11?
372054
Convert -4204132 (base 7) to base 13.
-149206
Convert -136aa (base 16) to base 3.
-11001002120
Convert 2073007 (base 8) to base 13.
165511
978 (base 15) to base 13
c86
6022835 (base 9) to base 14
5d5866
What is 303000300 (base 4) in base 14?
56208
What is 353610 (base 9) in base 4?
303322122
What is -13352 (base 12) in base 13?
-c03b
-1000221122211 (base 3) to base 11
-346374
Convert 6a4707 (base 12) to base 15.
23b254
What is -3411510 (base 6) in base 8?
-521342
-3077a4 (base 11) to base 3
-221001212020
-120000201210201 (base 3) to base 8
-36355604
-206a99 (base 15) to base 14
-2c1a38
What is -362542 (base 8) in base 12?
-5baaa
Convert 3737b0 (base 13) to base 5.
314243343
9949 (base 11) to base 8
31501
Convert -202221210021002 (base 3) to base 7.
-163441424
Convert 2487755 (base 10) to base 8.
11372713
Convert -10130303 (base 4) to base 9.
-27002
2015510 (base 7) to base 5
30132131
Convert 6046b1 (base 15) to base 5.
2132240031
-2542431 (base 6) to base 15
-2ad31
Convert 27c66a (base 13) to base 12.
3a93b7
-30213110211 (base 4) to base 11
-1959492
-552ef7 (base 16) to base 8
-25227367
-3110c (base 15) to base 12
-75b93
Convert 3163884 (base 9) to base 16.
19dfa1
What is 13343224 (base 5) in base 9?
228321
What is 110413242 (base 5) in base 7?
4046121
What is 566452 (base 10) in base 11?
357647
104225 (base 6) to base 16
2219
Convert -2011211121 (base 3) to base 5.
-2333032
What is -2111891 (base 10) in base 14?
-3cd8d5
111001111111101110 (base 2) to base 12
b557a
7ba555 (base 12) to base 4
13211112101
Convert -4be5b7 (base 16) to base 7.
-60164323
677403 (base 10) to base 16
a561b
Convert -3361495 (base 12) to base 9.
-20443875
Convert -a0c65 (base 14) to base 3.
-201122022120
What is 1005033 (base 7) in base 14?
3171a
Convert -108801 (base 12) to base 9.
-441781
What is -20121201221 (base 3) in base 9?
-217657
111120221011 (base 3) to base 9
446834
What is 110010001001011110001 (base 2) in base 7?
16652546
Convert -10408ea (base 16) to base 12.
-585a08a
Convert 16bb5 (base 16) to base 7.
535312
Convert 2808058 (base 11) to base 16.
49e301
Convert 11101021212 (base 3) to base 8.
250332
-1958261 (base 10) to base 13
-537446
42d0e (base 15) to base 5
23242224
-89b546 (base 12) to base 7
-24450300
What is -433012100 (base 5) in base 8?
-7022652
-4685962 (base 11) to base 13
-1904169
104143256 (base 7) to base 4
113321003000
What is 102531531 (base 6) in base 12?
736ba7
Convert 11004562 (base 9) to base 16.
51249b
-9da99 (base 16) to base 7
-5326520
